5 + 12?
157
In base 10, what is 3538 + -3?
3535
In base 13, what is -31 - 16a?
-19b
In base 16, what is 0 - 18?
-18
In base 6, what is 3113 + 4?
3121
In base 15, what is -97d - 3?
-981
In base 11, what is 32 + 48?
7a
In base 15, what is -39 + 0?
-39
In base 12, what is -2 + -3a0?
-3a2
In base 13, what is -3 - 3ac8?
-3acb
In base 12, what is -701 + -5?
-706
In base 13, what is 48 - 1?
47
In base 15, what is -2e08 - -2?
-2e06
In base 4, what is 322311 + 3?
322320
In base 3, what is -111 - -2101?
1220
In base 13, what is -19 - 41?
-5a
In base 4, what is 12 - 33?
-21
In base 2, what is -10011001110 - 0?
-10011001110
In base 4, what is 22213 + -3?
22210
In base 12, what is -1889 - 3?
-1890
In base 3, what is 11 + 21000?
21011
In base 6, what is 12 - 1525?
-1513
In base 13, what is 107 + 16?
120
In base 7, what is 265 + 5?
303
In base 2, what is -111000 - 1111?
-1000111
In base 13, what is -2141 - 5?
-2146
In base 15, what is -428 - -e?
-419
In base 15, what is 1 + -27?
-26
In base 13, what is -93 + a?
-86
In base 9, what is 1 + -53?
-52
In base 10, what is -336 - -11?
-325
In base 7, what is 2 + 535?
540
In base 2, what is 1001001 - -1000?
1010001
In base 2, what is 1110001111111 - 101?
1110001111010
In base 11, what is 18a - 1?
189
In base 11, what is 4 - -37a?
383
In base 6, what is 3 + -12?
-5
In base 14, what is -1974 + 5?
-196d
In base 5, what is -10 + -122?
-132
In base 7, what is -3 + 11?
5
In base 16, what is 94ea - 2?
94e8
In base 15, what is 75 + 5?
7a
In base 16, what is -3 + -238?
-23b
In base 7, what is 0 - 134?
-134
In base 16, what is 1 + 80?
81
In base 10, what is 4 - 85?
-81
In base 12, what is -32 - 9?
-3b
In base 5, what is -43123 + -2?
-43130
In base 6, what is 25 + 1015?
1044
In base 5, what is -31 - -120?
34
In base 9, what is -24 - -10?
-14
In base 13, what is 13 + -103?
-c0
In base 8, what is -271 + 44?
-225
In base 14, what is -95 + -1?
-96
In base 8, what is -5 - 6476?
-6503
In base 14, what is -d + 44?
35
In base 12, what is -707 - 1?
-708
In base 3, what is 10 + -20211?
-20201
In base 15, what is 1 + 37?
38
In base 15, what is -3 - 1b1?
-1b4
In base 8, what is 2 - 530?
-526
In base 2, what is -11 + -11110111?
-11111010
In base 15, what is -71c - -2?
-71a
In base 6, what is -310 + -4?
-314
In base 7, what is 15256 + 2?
15261
In base 4, what is 213110 - 0?
213110
In base 3, what is -10012 + -12?
-10101
In base 13, what is -4b - -1?
-4a
In base 15, what is 165 + 5?
16a
In base 9, what is -2502 + -1?
-2503
In base 3, what is 20 - 2011?
-1221
In base 9, what is 302 + 26?
328
In base 8, what is -71 + 0?
-71
In base 5, what is 2121 + 14?
2140
In base 10, what is -5 - -20?
15
In base 13, what is 13 - -c?
22
In base 13, what is -3 - 2a?
-30
In base 5, what is 3213 + 3?
3221
In base 8, what is 6 + 11?
17
In base 11, what is 9 + 8a?
98
In base 16, what is 5 + 66?
6b
In base 12, what is 21 - -aa?
10b
In base 15, what is 0 + c5?
c5
In base 4, what is 23 + 3?
32
In base 13, what is -16 + 1c?
6
In base 4, what is -112 + 2100?
1322
In base 10, what is 14 - 63?
-49
In base 7, what is 4 + -621?
-614
In base 6, what is -33 - -2134?
2101
In base 16, what is 46 + -b?
3b
In base 4, what is 0 - -23?
23
In base 2, what is 1010011010 + 10?
1010011100
In base 11, what is -2 + 13aa?
13a8
In base 4, what is -202 - -21?
-121
In base 11, what is -8 - 1?
-9
In base 2, what is -11 - 1101?
-10000
In base 13, what is 3 + 43?
46
In base 13, what is -65 + 2?
-63
In base 15, what is 0 - 202?
-202
In base 15, what is 15b8 - -4?
15bc
In base 12, what is 5 + b41?
b46
In base 3, what is -200020 - 10?
-200100
In base 15, what is 4 + -339?
-335
In base 15, what is -76 - -2?
-74
In base 9, what is 266 + -1?
265
In base 8, what is 2 - -5461?
5463
In base 2, what is 100 - -10011?
10111
In base 14, what is -11c + -9?
-127
In base 2, what is 100 + -10001000?
-10000100
In base 9, what is 76 + 12?
88
In base 7, what is 141401 + 2?
141403
In base 2, what is -1 - -11010?
11001
In base 10, what is -3824 + -1?
-3825
In base 3, what is -2102101 - 1?
-2102102
In base 6, what is 22 - -41?
103
In base 4, what is 1101 - 2230?
-1123
In base 12, what is 3 - -24?
27
In base 16, what is -b3 - 5?
-b8
In base 12, what is -580 + 3?
-579
In base 14, what is 0 + -19c?
-19c
In base 3, what is -2 + 1202?
1200
In base 13, what is -13 + -53?
-66
In base 9, what is 402 + 5?
407
In base 9, what is 3468 - -5?
3474
In base 6, what is -12 + -5055?
-5111
In base 9, what is 20 - 11?
8
In base 14, what is -22 - -c2?
a0
In base 9, what is -3 + -54?
-57
In base 3, what is 1000 + -1101?
-101
In base 9, what is -2 - -8?
6
In base 14, what is 525 + -4?
521
In base 5, what is 20 + 33?
103
In base 5, what is 2324 - 4?
2320
In base 13, what is 1 - 8?
-7
In base 12, what is 4a10 + 2?
4a12
In base 8, what is -1 + -160?
-161
In base 4, what is 221 - -101021?
101302
In base 4, what is 1012 + -2?
1010
In base 6, what is 112 + -2?
110
In base 15, what is -3 - -15?
12
In base 6, what is -42 + 3?
-35
In base 13, what is 43 - -5?
48
In base 10, what is -4777 - -1?
-4776
In base 9, what is 2 - 87?
-85
In base 5, what is -10 + 3130?
3120
In base 10, what is -5 - 4147?
-4152
In base 8, what is -26 + -20?
-46
In base 2, what is 1011110101 - -1000?
1011111101
In base 9, what is -1 + 3410?
3408
In base 8, what is 3175 + -4?
3171
In base 6, what is 11033 - -3?
11040
In base 4, what is 121 + -101?
20
In base 15, what is -1673 - -1?
-1672
In base 16, what is 3cf - 3?
3cc
In base 6, what is -4 + 4300?
4252
In base 7, what is -2 + 4?
2
In base 2, what is -100110010 - 10011?
-101000101
In base 16, what is -411 + 7?
-40a
In base 13, what is 194 + -2?
192
In base 3, what is -12 - -101000?
100211
In base 16, what is 4 - 21?
-1d
In base 2, what is 1011 + 1011011?
1100110
In base 15, what is 0 + -a3?
-a3
In base 10, what is 3 + -62?
-59
In base 2, what is -10010101 - 11000?
-10101101
In base 13, what is 2 + b?
10
In base 16, what is 1 - d9d?
-d9c
In base 9, what is -75 - -72?
-3
In base 13, what is -29 - 29?
-55
In base 14, what is -2 - 77?
-79
In base 9, what is -3 + 2718?
2715
In base 16, what is -346 - -4?
-342
In base 16, what is -3 - 135?
-138
In base 9, what is 34 + -20?
14
In base 8, what is -3 + -240?
-243
In base 3, what is 2120001 + 1?
2120002
In base 13, what is 1 - 569?
-568
In base 13, what is 4 - -2?
6
In base 2, what is 101111 - -1011?
111010
In base 2, what is -1100000 + -101100?
-10001100
In base 15, what is -4 + -3e?
-43
In base 12, what is 13 + -18?
-5
In base 14, what is -11 + d9?
c8
In base 5, what is 0 - -202?
202
In base 14, what is -7a - 0?
-7a
In base 11, what is 102 + -111?
-a
In base 14, what is -2 + 67a?
678
In base 11, what is -3 - 69a?
-6a2
In base 7, what is 1100 + 5?
1105
In base 2, what is -1100 - 11?
-1111
In base 4, what is 2 - 1000?
-332
In base 9, what is -56 - -1?
-55
In base 11, what is 29 - 17?
12
In base 4, what is 10322 - 20?
10302
In base 13, what is b7 + c7?
1b1
In base 2, what is -11 + 100101100000?
100101011101
In base 13, what is b4 + 2?
b6
In base 9, what is 16 + 242?
258
In base 8, what is 674 - -2?
676
In base 4, what is 10 - 1123?
-1113
In base 13, what is 1295 + 0?
1295
In base 4, what is 10 + -301?
-231
In base 6, what is -1222 - -3?
-1215
In base 3, what is -111011 + 0?
-111011
In base 2, what is -110 + 110?
0
In base 7, what is -3 - -215?
212
In base 15, what is -2e - c9?
-108
In base 9, what is -216 - 2?
-218
In base 2, what is -100 + -1011110111?
-1011111011
In base 4, what is -133 + 101?
-32
In base 15, what is 1 - 10?
-e
In base 15, what is -a8 - 1d?
-c6
In base 14, what is 69 - -b?
76
In base 9, what is -170 + -14?
-184
In base 7, what is 1 - -102?
103
In base 12, what is 2091 + -2?
208b
In base 8, what is 2 - -36?
40
In base 10, what is -225 + 1?
-224
In base 14, what is -1 - a5?
-a6
In base 3, what is 10002 - 12?
2220
In base 10, what is 323 + 6?
329
In base 11, what is -6 + -68?
-73
In base 6, what is -2 + -303?
-305
In base 15, what is 6 + -50?
-49
In base 11, what is -5 - -5867?
5862
In base 11, what is 1 - 124?
-123
In base 15, what is 16c - 3?
169
In base 14, what is -4 - 58b?
-591
In base 7, what is 411 + -11?
400
In base 5, what is 1021 + 40?
1111
In base 7, what is -60 - -11?
-46
In base 3, what is -1222 + -11?
-2010
In base 6, what is -3 + 433?
430
In base 1